me factors of 224 - (-1 + n) - 0.
2, 3, 19
Let m(v) = 3853*v + 1600. List the prime factors of m(10).
2, 5, 4013
Let q = -11063 + 49761. What are the prime factors of q?
2, 11, 1759
Let q(f) = -5*f**3 - 2*f**2 + 4*f + 6. Let b = -5 - -21. Suppose -5*c = -k + b, -2*c = 3*c - 2*k + 17. What are the prime factors of q(c)?
3, 37
Let l(u) = -u**3 - 47*u**2 + 50*u + 96. Let v be l(-48). Suppose 3*y = -3*w + 2358, v = -2*y - 3*w + 1763 - 196. List the prime factors of y.
7, 113
Let o = 24009 - 19766. List the prime factors of o.
4243
Suppose 0 = 5*z + 2*o - 38, 0*z + 3*z - 19 = -5*o. Suppose 3*m = -2*n + 1348, 5*m + 10*n - z*n - 2240 = 0. List the prime factors of m.
2, 223
Suppose -4*y + 135 = 11. Suppose -k + o = -12 - 6, -2*k - 3*o = -y. Let x = 51 - k. List the prime factors of x.
2, 17
Suppose 0 = -15*h - h + 112. Suppose h*w + t - 204 = 2*w, 4*w - t = 156. What are the prime factors of w?
2, 5
Suppose 13 - 1 = 4*k + g, -3*g - 20 = -2*k. Suppose 0 = k*l + 4*o - 904, 14*l - 5*o - 214 = 13*l. What are the prime factors of l?
2, 7
Suppose -292*j + 147137 = 3*i - 297*j, 3*i + 3*j = 147201. What are the prime factors of i?
3, 23, 79
Let b(o) = -o**2 - 12*o - 33. Let d be b(-5). Suppose -2*p + 0*p = -10, -4*s = d*p + 314. Let k = s + 250. List the prime factors of k.
13
Let l = -6863 + 12120. What are the prime factors of l?
7, 751
Let v(o) = -3*o**2 - 72*o - 57. Let u be v(-23). Suppose u*j - 675 = -3*j. List the prime factors of j.
3, 5
Let p = -19789 - -30031. What are the prime factors of p/12*(-10)/(-15)?
569
Suppose -3*d + 8 = d. Suppose -16*g + 29 = -14*g - 5*q, 0 = 5*g + 4*q - 56. Suppose -1130 = -g*u + d*u. List the prime factors of u.
113
Let m be 8/((-40)/15) - -5. Suppose 5*a + m*n - 6 = 3*a, 5*a + 3*n - 13 = 0. Suppose a*f = -y + 157, 167 = 2*f + y + 2*y. List the prime factors of f.
2, 19
Suppose 5*j - 44177 = -f, 89*j - 86*j - 26479 = -4*f. List the prime factors of j.
8837
Let w be 50312/32 + 3/4. Let b = w + -850. List the prime factors of b.
3, 241
Let u(o) = -2*o**2 - 102*o + 70. Let d be u(-57). Let c = 1887 + d. List the prime factors of c.
19, 67
Suppose -51*d - 56585 = 52*d - 108*d. List the prime factors of d.
11317
Let j = -1095 - -325. List the prime factors of (-9)/(32/112 - (-241)/j).
2, 3, 5, 11
Suppose -64 + 127 = 9*q. Suppose 3*l + 5*j - 115 = 0, -q*l + 74 = -5*l + 2*j. List the prime factors of l.
5, 7
Let m = -54 - -60. Suppose -m*c + 14*c - 1200 = 0. Suppose 3*d = d + c. List the prime factors of d.
3, 5
Let b(i) = 5*i**2 + 2*i + 19. Let w be b(19). Suppose 0 = -13*l + 6*l + w. Let a = -183 + l. List the prime factors of a.
83
Suppose 0*k - b + 7 = k, 5*k - 85 = 5*b. Suppose -w + k = 8. Suppose -w*h + 269 = -91. What are the prime factors of h?
2, 3, 5
Let c(b) = 50*b. Let u(w) = 36*w**2 + 3*w - 1. Let g be u(2). Let d = -143 + g. What are the prime factors of c(d)?
2, 3, 5
Suppose 23*c + 21508 = 4*c. Let a = 1653 + c. List the prime factors of a.
521
Let x(t) = -39*t - 8. Let n(i) = -i + 8. Let l be n(12). Let v be x(l). Suppose c = -4*d + 232, 2*d + 4*c + 32 = v. List the prime factors of d.
2, 29
List the prime factors of (-1)/((-5)/(-68535)*-3).
3, 1523
Suppose -x = -3*c - 0*c + 3, -5*x + 5*c + 5 = 0. Suppose x*b - 540 = -3*b. List the prime factors of b.
2, 3, 5
Suppose 2*s + 4*d - 20 - 4 = 0, 20 = 5*d. Suppose -r + s*x = -3*r + 4, 4*r = 4*x + 8. What are the prime factors of (-1682)/(-10) - (-2)/(-12 + r)?
2, 3, 7
Suppose 12 = -3*k, 5*a + 5*k = -16 + 56. Let c be (-3)/(-6) - (69/6 - -1). What are the prime factors of (-11)/(198/a)*c?
2
Let d(m) = -173*m**3 - 5*m**2 - 45*m - 70. List the prime factors of d(-4).
2, 7, 13, 61
Suppose 3*x - 11 = -w, 4*x - 19 = 5*w + 21. Suppose 10*d = 5*d + 5, 3*u - 295 = x*d. List the prime factors of u.
2, 5
Suppose -2879 - 7149 = -92*r. What are the prime factors of r?
109
Let n(a) = -a**2 - 18*a - 24. Let d be n(-6). Let u = d - 56. Let t = 137 - u. What are the prime factors of t?
5, 29
Let r = -16 + 32. Suppose r*y - 6300 = 13*y. Suppose 3*a = -12*a + y. What are the prime factors of a?
2, 5, 7
Let h be (-4926)/(-14) + (-1 - 0)/(-7). Let y = -251 + h. What are the prime factors of y?
101
Suppose -3*d + 4*f - 1452 = 1132, -4276 = 5*d + f. Let i = 1638 + d. List the prime factors of i.
2, 17, 23
Let b(f) = 257*f**2 + 8*f + 6. Let t(n) = 261*n**2 + 8*n + 6. Let a(r) = 4*b(r) - 3*t(r). List the prime factors of a(2).
2, 3, 167
Let b = 458 + -191. Let w = 541 - b. List the prime factors of w.
2, 137
Suppose -3*i = 2*t - 53, 10*t + 40 = 2*i + 9*t. Let l(j) = 5*j**2 - 16*j - 150. What are the prime factors of l(i)?
7, 193
Let q = 10507 + -2522. What are the prime factors of q?
5, 1597
Let t(a) = 5*a + 41. Let i be t(-10). List the prime factors of 1372*(5 + 36/i).
2, 7
Suppose 4*a + 4 = 0, 2*b + a - 2997 = 25818. What are the prime factors of b?
2, 1801
Suppose 968 = 11*a - 9*a. Suppose -16*j - a = -4324. What are the prime factors of j?
2, 3, 5
Suppose 6*l + p - 10 = l, 4*p = -4*l + 24. Let a(t) = 6 + 5*t**2 + 0 - 5*t - 8 + l. List the prime factors of a(4).
59
Let l(v) = 132*v**2 - 7*v + 18. Let n be l(2). Suppose 2*t + 0*t - 4*f - 1054 = 0, -t = -f - n. What are the prime factors of t?
3, 179
Let x = 335 + -328. What are the prime factors of 8 + 627 + x/((-7)/4)?
631
Suppose -89 = -30*d + 121. Suppose 0 = -d*k + 1058 + 5711. List the prime factors of k.
967
Let r(g) = -4*g**2 + 21*g - 27. Let f be r(12). Let a = -206 - f. List the prime factors of a.
5, 29
Let v = 118 + -117. What are the prime factors of ((1176/(-20))/v)/((-6)/45)?
3, 7
Suppose 4*z - f = -29, 4*f + 44 = -7*z + 3*z. Let h(c) = c**3 + 6*c**2 - 15*c + 16. Let n be h(z). What are the prime factors of n/(((-8)/174)/((-12)/18))?
2, 29
List the prime factors of 12/2 + (8979 - -38).
7, 1289
List the prime factors of (63/(-35))/(1/5) - -21150.
3, 29
List the prime factors of 5/1*2943 + 801 + -802.
2, 7, 1051
Let x(t) = t**2 + 3*t + 3. Let y be x(-3). Suppose -2*h + y*s = -1, 2*h - 2*s - 2*s - 2 = 0. What are the prime factors of (h/(-3))/(1/((-555)/(-5)))?
37
Let w(z) = 36*z**3 - z**2 + 11*z - 9. Let l be w(1). Suppose 46586 = l*x - 20680. List the prime factors of x.
2, 3, 101
Let i(d) = -182*d + 24. Let p be i(-5). Let u = p - 640. What are the prime factors of u?
2, 3, 7
Suppose 730119 = 199*r - 102*r. What are the prime factors of r?
3, 13, 193
Suppose -4*u + 24 = 2*u. Let x(h) = 9 + 7*h**2 + 9*h - 4*h**2 - u*h**2. What are the prime factors of x(9)?
3
Let z be (-21)/35 + 1 + 23/5. List the prime factors of 6/(1*z/(-1815)*-6).
3, 11
Let r(g) = -5*g**3 - 2*g**2 + 2*g - 566. Let b(c) = -c**3 - c**2 - 1. Let w(j) = -4*b(j) + r(j). Let x be w(0). Let a = -388 - x. List the prime factors of a.
2, 3, 29
Let t(i) = 45*i**3 - i**2 + 38*i + 6. Let x be t(5). Suppose 0 = 4*u + 5*n - x, -u = 6*n - 5*n - 1449. What are the prime factors of u?
3, 7, 23
What are the prime factors of 1363/203 - (-4)/14 - -73293?
2, 5, 733
Let g(f) = 4*f**2 + 15*f + 65. Let z be g(-15). Let t = z + -395. What are the prime factors of t?
3, 5, 23
Suppose 146*c - 2676543 = -114973. What are the prime factors of c?
5, 11, 29
Let n = -74 + 42. Let k be n/(-2) + (2 - 4). Suppose -94 = -k*w + 13*w. List the prime factors of w.
2, 47
Let j(k) = 560*k**2 + 26*k + 2. Let q(m) = -373*m**2 - 17*m - 2. Let i(y) = -5*j(y) - 8*q(y). List the prime factors of i(-1).
2, 23
Suppose 5*u = 4*h + 9 - 0, -4*u - h + 24 = 0. Suppose 0 = -3*k + 3*j + 681, 0 = 7*k - 4*k - u*j - 671. List the prime factors of k.
2, 29
Let p(h) = -h**3 + 8*h**2 + 22*h - 17. Let b be p(8). Let y be b/2*(-4)/(-3). Suppose -j - 3*r + 38 = 10, 0 = -3*j + 2*r + y. List the prime factors of j.
2, 17
Let n(x) = 2543*x**3 + 7*x**2 - 26*x + 44. What are the prime factors of n(3)?
2, 5, 6869
Let j = -2629 + 7525. Let h = -3312 + j. What are the prime factors of h?
2, 3, 11
Let l(i) = -17*i + 54. Let w be 1 - -4 - (-4 + 4). Let d be l(w). Let y = 48 + d. What are the prime factors of y?
17
Suppose 5*z = d - 21240, -9*d - z - 106080 = -14*d. What are the prime factors of d?
5, 4243
List the prime factors of 52548/16 - 4 - 20/80.
2, 5, 41
Suppose -62858 = -5*o + 3*x, -5*o + 51303 + 11567 = -5*x. What are the prime factors of o?
2, 1571
Let y(m) = 7*m + 71. Let q(c) = -9*c - 70. Let d(l) = -6*q(l) - 5*